t**3 + 6*t**2 - 6*t + 8*t**3. Calculate y(6).
8
Let z(p) = 4*p**3 - 17*p**2 + 6*p - 12. Let l(w) = -3*w**3 + 15*w**2 - 6*w + 11. Let g(d) = 5*l(d) + 4*z(d). Give g(-8).
-9
Let q(h) = h - 25. Suppose 65*y - 8 = 61*y. Let x(d) = 2 - 1 + 4. Let p(g) = y*q(g) + 11*x(g). What is p(4)?
13
Suppose 4*f - f - k - 32 = 0, -3*f - 2*k = -26. Suppose 12 = 4*r + 5*t - 13, -2*t + f = -5*r. Let q(l) = 7 - l + 5 - 4. Calculate q(r).
8
Let a(p) = 5*p**2 + 14*p + 24. Let x(q) = -12*q**2 - 29*q - 46. Let d(v) = -7*a(v) - 3*x(v). Determine d(13).
-4
Let u be (-2 - -4)/((-2)/(-8)). Let j(q) = -u*q + 5*q - 6 - 4 - q. Calculate j(-4).
6
Let y = -5 - -3. Let b = y + 3. Let f(p) = -7*p + p - p - b. Determine f(1).
-8
Let h(f) = -2*f**3 - 8*f + 3*f + f**3 - 7*f**2 + 10*f**2 + 3 + 4*f**2. Let d be 2/(-7) + (-572)/(-91). Give h(d).
9
Let q(x) = x**3 - 4*x**2 + 3*x - 6. Suppose 5*t - 4*o = 5, 2*t + 2*o = 6*t - 10. Let j be 7 + t/((-15)/9). Let u be 0/(-2) + j/1. What is q(u)?
6
Let o(r) be the second derivative of -3/2*r**3 + 4*r**2 - 2*r + 0 + 1/20*r**5 - 5/12*r**4. What is o(6)?
-10
Let r(w) = -w**3 + 5*w**2 - 5*w + 58. Let d be r(6). Let b(y) = -y**3 - 9*y**2 - 7*y + 2. Calculate b(d).
-6
Let i(x) = x - 2. Let z(o) = o**3 - 7*o**2 + o - 7. Let l be z(7). Suppose 4*m = a - 2*a - 19, l = 2*a + 2*m + 14. What is i(a)?
-5
Let n(c) = -c**2 + 13*c + 2. Let a be n(8). Let i = a - 43. Let v(h) = -8*h**2 - 1. Give v(i).
-9
Let q(b) = -b + 2. Let o(s) = 9*s**2 + s - 1. Let a be o(-2). Suppose 41 = -5*t - 4*l, -5*t - 2*l = -0*l + a. Give q(t).
7
Let c(o) be the first derivative of -o**4/4 - 7*o**3/3 - o**2/2 + 6*o - 14. What is c(-6)?
-24
Suppose 574 = -15*c + 664. Let h(o) = -o**2 + o + 31. Calculate h(c).
1
Let o(x) = x**3 + 5*x**2 + 3*x. Let g(n) = n**2 + n + 25. Let y be g(0). Let p = y - -5. Let b be (-12)/(-16) - p/8. Calculate o(b).
9
Let v = -5 - -7. Let n(y) = -3*y**3 + 2*y**2 + 2. What is n(v)?
-14
Let v(r) be the first derivative of 0*r**3 - 4 - 1/8*r**4 - 2*r**2 + 0*r. Let i(s) be the second derivative of v(s). What is i(-3)?
9
Let b = -1 - -2. Let y = b + -5. Let m(u) be the second derivative of u**3/6 + u**2 - 3*u. What is m(y)?
-2
Let p(m) = -m**3 - 8*m**2 + m + 1. Let h be ((-28)/(-2) - 2)*12/(-18). Determine p(h).
-7
Let n(v) = 7*v - 1 - 3*v**2 - v**2 - 3 + 3*v**2. Let q be n(5). Suppose -3*d = -q*d + 9. Let z(y) = -2*y**2 + 3*y - 4. What is z(d)?
-13
Let n(c) = -c + 11. Suppose 2*j - 56 = 3*h - 0*j, -2*h = 5*j + 50. Let l = h + 26. Determine n(l).
5
Let k = 2 + -4. Let g(j) = -3. Let p(z) = -z**2 + 9*z + 9. Let w be p(9). Let o(s) = s + 13. Let y(l) = w*g(l) + 2*o(l). Calculate y(k).
-5
Let c(q) be the third derivative of q**8/10080 - 4*q**5/15 - 9*q**2. Let l(f) be the third derivative of c(f). Calculate l(1).
2
Let k(q) = 3*q - 2. Let t(l) be the first derivative of -l + 1. Let y(v) = -k(v) + 6*t(v). Let w(n) = -2*n**2 + 35*n + 193. Let z be w(22). Calculate y(z).
11
Let t(v) = -4*v. Let q = -25 + 29. Suppose -q*w = 4*s - 8, 2*s = -5*w + w. What is t(w)?
8
Suppose 0 = -v + 5*a + 21, -43 + 8 = -3*v + a. Suppose v*l - 27 = 14*l. Let q(x) = x**2 + 9*x - 3. What is q(l)?
-3
Let o = 1167 - 1166. Let s(f) = -12*f + 7. Give s(o).
-5
Let c(u) = -10*u + 3. Let z = 0 - -24. Suppose -3*a - 1 = -2*o, 0*a - 3*o - z = 4*a. Calculate c(a).
33
Let b(u) = -2*u**2 + 8*u + 4. Suppose 5*z - 149 = 3*l - 138, -z + 10 = 2*l. What is b(z)?
4
Let z(t) = -2*t**2 + 4. Let m = 108 + -110. Calculate z(m).
-4
Let j be -1*1 - (-17 + 9). Suppose -5 = -2*g + j. Let s(h) be the first derivative of -h**2/2 - 3*h - 15. What is s(g)?
-9
Let g be 3/(-2) - ((-495)/(-22))/15. Let z(d) = 2*d - 15*d**3 + 3 + d - 2*d**2 + 14*d**3. Determine z(g).
3
Let l(b) be the third derivative of b**6/120 - b**5/6 + 3*b**3/2 - 75*b**2 - 1. Calculate l(10).
9
Suppose 0 = -4*p + 3*t + 23, p = 2*t + 2*t + 22. Let f be ((-3*p)/(-3))/((-8)/(-12)). Let k(q) = q**3 - 4*q**2 + 3*q + 3. Give k(f).
3
Let u = 1246 - 1251. Let k(z) = z**3 + 2*z**2 - 2*z - 6. Calculate k(u).
-71
Let h(v) = -5*v**2 - 12*v + 7. Let j(g) = g**2 + g - 1. Let s(a) = h(a) + 6*j(a). Suppose 517 = 276*f - 567 - 20. Determine s(f).
-7
Suppose 5*t + 59 = s + 11, -3*s - t + 112 = 0. Let m = s + -46. Let x(z) = -z - 5. Calculate x(m).
3
Let m(w) be the third derivative of w**8/20160 - w**7/1008 - 31*w**5/60 + 40*w**2. Let b(g) be the third derivative of m(g). Give b(5).
0
Let o(k) be the second derivative of -k**5/20 - 7*k**4/6 - 13*k**3/6 + 2*k**2 - 268*k. What is o(-13)?
4
Suppose -4*m - f = -9, m = -3*f + 2*f. Let h(y) = -y - 4*y**2 - y**m - 3*y**2 + 3*y - y. Determine h(-7).
-7
Let h(v) be the first derivative of v**2 + 47. Let n(k) = 3*k + 40. Let p be n(-12). Determine h(p).
8
Let z be (-86)/18 + (-8)/36. Let j = 1 + z. Let d(g) = -8 + g**3 - g + 16 - 11 + 4*g**2. Calculate d(j).
1
Let s(n) = 307*n - 151*n + 11*n**2 - 155*n. Determine s(1).
12
Let m(b) = -2*b + 5 + 0 - b**2 + 2. Let l = -20 + 22. Suppose 20 = -3*h - q, -3*h = l*h + q + 30. Give m(h).
-8
Let p(f) = 6*f - 31. Let s be (396/(-429))/((-4)/26). Calculate p(s).
5
Let i(x) = -10*x - 5. Let j(z) = -23*z - 11. Let f(c) = -7*i(c) + 3*j(c). What is f(5)?
7
Let q(u) = 5*u**2 + 9*u + 1. Let x(c) = c**2 + c + 1. Suppose -1 = 4*g - 5*g. Let f(o) = g*q(o) - 4*x(o). What is f(-4)?
-7
Suppose -3*a - 10 = -0*a - 5*w, -3*w = 2*a - 25. Let l(p) = -83*p**3 - 6*p**2 + 6*p + 166*p**3 - 82*p**3 + 3. Give l(a).
8
Let j(b) = -27*b**3. Let n(t) = 13*t + 40. Let u be n(-3). What is j(u)?
-27
Let y(l) = -12*l - 2. Let h(b) = b**3 - 25*b**2 + 45*b + 21. Let v be h(23). Give y(v).
22
Let w(q) be the first derivative of -q**4/4 + 3*q**3 - 4*q**2 + 11*q - 127. What is w(8)?
11
Let m be (-1)/(-3) - 1 - (-6)/9. Let s(p) be the second derivative of m - 6*p + 1/3*p**3 + 1/2*p**2. Calculate s(2).
5
Suppose 13*d - 39 = -0*d. Let g(c) = -4*c. Calculate g(d).
-12
Let a(t) = t**2 - 2*t - 2. Suppose 195*i + 32 = 179*i. Determine a(i).
6
Let i(w) = -w**3 + 3*w**2 + 7*w - 7. Let q(x) = 7*x + 19. Let r be q(-2). What is i(r)?
-22
Let y be 20/490*-7 - (-108)/(-14). Let f(w) = -w**2 - 9*w + 5. What is f(y)?
13
Let j(c) be the third derivative of -1/12*c**5 + 0 + 1/12*c**4 - 1/120*c**6 + 13*c**2 + 0*c + 1/3*c**3. Determine j(-4).
-22
Let n(h) = -239648*h**2 + 239643*h**2 + 0*h**3 - h**3 - 3. What is n(-6)?
33
Let o(w) = 3*w + 2. Suppose -s - 4*v + 24 = 0, 0 = 3*s - 4*v + 5*v - 28. Suppose 3*i + 17 = -5*u, -s*i + 3*u = -3*i + 17. Give o(i).
-10
Let s(z) = -15*z**2 - z - 19. Let c(y) = 7*y**2 + y + 10. Let q(x) = 5*c(x) + 2*s(x). Let u(f) = f**2 - f + 1. Let j(a) = -q(a) + 4*u(a). Calculate j(-6).
-2
Let a be 2/10 - 1/5. Let y(b) be the third derivative of -b**5/60 + b**4/24 + 2*b**3/3 - b**2 - 348. Determine y(a).
4
Let l be 9/8 - 1/8. Let q(w) = 58*w - 56*w - l + 7. Let c(m) = -m**3 - 6*m**2 - 3*m + 4. Let z be c(-5). Calculate q(z).
-6
Let v(m) be the first derivative of 4*m**3/3 - 7*m**2/2 + 7*m + 15. Let h(c) = c**2 - c + 1. Let t(b) = 14*h(b) - 2*v(b). Give t(-1).
6
Let v(k) = -k**3 - 5*k**2 + k - 1. Let d(w) = -w**2 + 10*w - 5. Let f be 0*((-15)/6 - -3). Suppose f = -5*b - 0 + 50. Let h be d(b). Determine v(h).
-6
Let p(l) = 2*l + 49. Let n(q) = -q - 16. Let x(y) = 8*n(y) + 3*p(y). Let s(d) = 0 + d - 6 + 3 - 6. Let k(i) = 5*s(i) + 2*x(i). What is k(6)?
-1
Let b(f) be the first derivative of f**4/4 - 5*f**3/3 + 3*f - 22. Let l be b(5). Let w(y) = 3*y - 4. Calculate w(l).
5
Let g(l) be the third derivative of -l**4/24 - l**3/3 - 159*l**2. Calculate g(-7).
5
Let g(n) = 45*n - 3. Let x(u) = 128*u - 7. Let d(m) = -17*g(m) + 6*x(m). Determine d(-2).
3
Suppose 3*r + r = 8. Let n(m) = 5*m**2 - 7*m + 1. Let z(c) = 28*c**2 - 37*c + 5. Let h(t) = -11*n(t) + 2*z(t). Determine h(r).
9
Let g = -95 - -102. Let j(b) = -b + 7. Determine j(g).
0
Let v(y) = -25*y - 8. Let i(b) = -69*b - 22. Let p(u) = 4*i(u) - 11*v(u). Suppose 4*q - 2*d = 2, 0 = -2*q - q + 2*d + 2. Give p(q).
0
Let b(l) = -8*l**2 - 16*l - 17. Let n(s) = 3*s**2 + 5*s + 6. Let a(y) = 4*b(y) + 11*n(y). Let i(m) = -1074*m - 20 - 7 + 1076*m. Let u be i(18). What is a(u)?
-2
Let d(x) = 2 - 14*x**3 + 17*x**3 + 20*x - 23*x. What is d(1)?
2
Let m(q) = -10*q**2 + 5*q**3 - 10*q**3 - q + q**3 - 12 + 5*q**3. Give m(10).
-22
Let l(b) = 67*b - 131. Let k be l(2). Let q(i) = -2*i**2 - i + 11